ppose t = -3*t - 764. Let v = -195 - t. Determine u(v).
-4
Suppose 123*i - 121*i + 10 = 0, -4*d - 1 = -3*i. Let v(p) = -20*p + 7. What is v(d)?
87
Let o(v) = -2*v + 12 + v + 3*v. Let w = 1245 - 1252. Determine o(w).
-2
Suppose 616*t + 351 = 643*t. Let d(a) = 2*a**3 - 26*a**2 + a + 14. What is d(t)?
27
Let h(o) = 7*o**3 - o**2 - 2*o. Let r be h(1). Suppose 5*p + 37 = r*d, 5*p - 10*p = -3*d + 39. Let g(v) = v. Determine g(p).
-9
Let c = 135 + -129. Let a(r) = c*r**2 + r + 1107 - 554 - 550 + r**3. Determine a(-6).
-3
Let h be (3 + (8 - 3))/((-1)/59). Let i = h - -465. Let t(d) = d**2 + 6*d - 1. Give t(i).
6
Let a(n) = 185 - 38 + 15*n - 74 - 80. Determine a(1).
8
Let p(j) = j - 24. Let h(a) = 167*a + 3335. Let k be h(-20). Give p(k).
-29
Suppose -4*s = -0*s. Let p(y) be the second derivative of 5*y**4/12 + y**3/6 + 3*y**2 + 8*y - 1. Let i(r) = r**2. Let t(j) = -6*i(j) + p(j). Give t(s).
6
Let m be 49/441*(-18)/(-48). Let w(z) be the third derivative of 0*z - 10*z**2 + 0 + 0*z**3 - m*z**4. Calculate w(2).
-2
Let y(o) = o - 2. Let w be 8/44 + (-53)/22*-2. Suppose 2 = -3*f + 2*v - 3*v, w*f + 2*v = -4. Give y(f).
-2
Let n(x) = -211*x + 12. Let k(m) = 106*m - 5. Let s(d) = 5*k(d) + 2*n(d). Give s(-1).
-109
Let n(a) = 47*a - 412. Let u(z) = 15*z - 131. Let s(m) = -6*n(m) + 19*u(m). What is s(-14)?
-59
Suppose 65*k - 400 = 105*k. Let p be k*((-22)/20 + 1). Let o(g) = 2 - 3 + 2 + 4*g**3 - g. Determine o(p).
4
Let f(u) = 51*u + 3. Let g(l) = -58*l - 1. Let h(d) = 6*f(d) + 5*g(d). Determine h(-2).
-19
Let y(p) = -15*p - 1. Suppose -66*s - 56 = -59*s. Let r be (12/s)/((-12)/8). What is y(r)?
-16
Suppose 0 = 103*u - 104*u - k + 3, -3*u - 2*k = -10. Let j(t) = t**3 - 2*t**2 - 5*t + 10. What is j(u)?
22
Let f(u) = -2*u - 163. Let k(j) = j + 137. Let b(x) = 5*f(x) + 6*k(x). Give b(8).
-25
Let y(w) be the first derivative of -w**4/12 + 4*w**3/3 - w**2 + 94*w + 89. Let i(l) be the first derivative of y(l). Give i(6).
10
Let d(x) = 4*x**3 + 19*x**2 + 15*x + 13. Let s(h) = h**3 + 6*h**2 + 5*h + 4. Let w = -128 - -130. Let o(f) = w*d(f) - 7*s(f). Give o(5).
-2
Let o(a) = -2*a**2 - 15*a - 14. Suppose -199*m + 201*m = 12, -5*h - 56 = -m. Give o(h).
-64
Let m(v) = 14*v + 36*v**3 - 23*v - 26*v + 5 + 39*v. What is m(-1)?
-35
Suppose -5*u = -2*v - 2, -2 = -2*u - 295*v + 297*v. Let j(g) be the second derivative of u + 36*g + 0*g**2 - 2/3*g**3. Calculate j(3).
-12
Let y(p) = -11*p - 9. Suppose 37 = 5*m + 9*d, 0 = 31*m - 32*m - 4*d + 14. What is y(m)?
-31
Let t(k) = k**3 - k - k**2 + 25263 - 25262 + 18*k**3. Let n be 1/1 + 1*-7. Let d = 7 + n. Determine t(d).
18
Let q = 1849 + -1856. Let w(f) = 2*f - 10. Calculate w(q).
-24
Suppose 10*m - 12*m = -4. Suppose m*n - 6*n = -4, -4 = 2*a + 4*n. Let g be a/(-2 + -2) + -1 - 2. Let i(z) = -z**2 + 2*z + 3. Calculate i(g).
-5
Let t(w) = -66*w - 8 - 2 + 29*w + 31*w - 4. What is t(4)?
-38
Let c(w) = 1. Let o(n) = -n**2 + 6*n - 15. Let g(l) = -6*c(l) - o(l). Let i(p) = p**3 + p**2 - 11*p + 3. Let b be i(3). Determine g(b).
9
Let g(h) be the third derivative of h**5/60 + 11*h**4/24 - 7*h**3/6 - 129*h**2 - 2*h. Determine g(-12).
5
Suppose 17*h - 19449 + 19585 = 0. Let n(v) = 10*v - 29. Calculate n(h).
-109
Let a(l) be the second derivative of -l**6/120 + l**5/10 + 7*l**4/24 - 5*l**3/3 - 44*l**2 + 3*l + 4. Let v(u) be the first derivative of a(u). What is v(7)?
-10
Suppose 0 = -3*n + 19 - 58. Let f(j) = -12 - 35*j + 22 + 0*j**2 - 3 - 3*j**2 + 2*j**2 + 23*j. Determine f(n).
-6
Let r(j) be the first derivative of j**3/3 + j**2/2 - 54*j - 7. Let x be r(-8). Let v(p) = 2*p + p**2 - 1 - p**2 + p**x. What is v(2)?
7
Let c be (30 - 0)*4/(-10). Let s = -10 - c. Let p(q) = 10*q - 3*q - q**s + 219 - 227. Calculate p(6).
-2
Suppose -2*f - 4*a = 67 - 69, 3*f = 5*a - 30. Let d(c) = -3*c**2 + 13*c + 11. Let g(n) = -5*n**2 + 25*n + 21. Let r(l) = 7*d(l) - 4*g(l). Determine r(f).
13
Let v(j) be the first derivative of -j**6/360 + j**5/24 + 7*j**4/24 - 23*j**3/3 + j**2/2 - 65. Let x(w) be the third derivative of v(w). Determine x(6).
1
Let a(l) = -12*l**3 + 2*l**2 - 1890 - l + 18*l**3 + 1889. Let r(o) = 2*o + 4 - 9*o**2 - 24*o**3 + 6*o - 3*o. Let n(u) = -9*a(u) - 2*r(u). Determine n(1).
-6
Let w(h) = -h**3 - h**2 + 10*h - 106754 + 106741 + 2*h. Calculate w(4).
-45
Let i(d) be the third derivative of d**6/120 + 2*d**5/15 - d**4/8 + 2*d**2 - 1028*d. Give i(-4).
76
Let v(k) = -k**3 + 8*k**2 + 10*k. Suppose 9*i = 6*i + 6, 4*i - 8 = -2*b. Suppose b = -9*u + 81 - 0. Determine v(u).
9
Let y(j) = -j**3 - 6*j**2 - j - 2. Suppose -2*i + 8 = -3*b - 5, -i - 13 = 5*b. Let x(h) = -h**2 - h. Let s(v) = i*x(v) - y(v). What is s(-4)?
6
Let q(t) be the first derivative of t**3/3 - 3*t**2 + 10*t + 1203. Let k be (-4)/((-4)/7)*(-6)/(-7). Give q(k).
10
Let i(w) = 3*w**2 - 15*w - 20. Let u = -9177 + 9184. Give i(u).
22
Let a(w) = w**2 + 26*w + 40. Suppose -2*y + 5*s = -2 + 9, -3*s = -3*y - 33. Calculate a(y).
-120
Let p(c) = 2*c**3 + 2 - 7*c**2 + 2*c - 3*c**3 - 7*c. Let x = -85 - -95. Suppose x*a - 202 + 262 = 0. Determine p(a).
-4
Let b(f) = 1685*f**2 - 3368*f**2 - 17 + 1682*f**2 - 8*f. Determine b(-7).
-10
Suppose 1552 = -16*a + 1712. Let f(l) = 4*l - 28. Calculate f(a).
12
Let q(n) = -n**2 + 15*n + 34. Let u = -3390 + 3407. Calculate q(u).
0
Let d = -81 - -70. Let s(c) = -5*c**2 + c - 8. Let y(f) = -9*f**2 + f - 15. Let r(h) = d*s(h) + 6*y(h). Calculate r(8).
22
Let v = 2819 + -2818. Let k(j) = -11*j**2 - 6*j + 8. What is k(v)?
-9
Let y(v) = 1 + 271*v**2 - 266*v**2 + 2 - 3*v. Let m(q) be the first derivative of q**4/4 + 2*q**3 + 3*q**2 - 6*q + 19. Let z be m(-4). Give y(z).
17
Let t(q) = 3*q**2 + 3*q + 7. Let j(k) = 16*k**2 + 16*k + 36. Let v(d) = 2*j(d) - 11*t(d). Let l be (-15 - (-24 - -9)) + -4. Give v(l).
-17
Suppose 17 = -3*h + 26, 7 = -4*w + h. Let c(s) = -10*s**3 - 2*s**2 - 2*s - 1. Determine c(w).
9
Let w be (4/(-14))/(2/(-14)). Let m(s) = 4*s + 113*s**w - 54*s**2 - 1 - 57*s**2. Give m(-3).
5
Let q(n) be the third derivative of -11*n**5/20 - n**4/24 + n**3/3 + 360*n**2 - 1. What is q(1)?
-32
Let f(j) = 15*j. Let i = -10 - -2. Let h be (1 + 0)*(-7 - i) - 1. Suppose 2*y = -3*c - 5, 4*c = -h*c - 5*y - 16. Give f(c).
15
Let r(v) = 1. Let n(y) = -y + 5. Let s(u) = -n(u) + r(u). Let f be (-10)/4*156/(-195). Suppose 6*h = f*h. What is s(h)?
-4
Let w(m) = -64562*m - 19 + 129118*m - 64572*m - 3*m**2. Calculate w(-3).
2
Let r(i) = -3*i - 1. Let s be (770/(-8))/1 + (-11)/(-44). Let q be 12*6/s - (-14)/8. Determine r(q).
-4
Let s(d) = -d**2 - 21*d. Let r = -33665 + 33643. What is s(r)?
-22
Let s(a) be the second derivative of 49*a**3/6 + 293*a**2/2 + 1745*a. Calculate s(-6).
-1
Let n be 14/(-4)*(-666)/9. Let y(h) = h**2 - 8*h - 20. Let o be y(10). Let g(l) = o*l + 258 + 3*l - n. Give g(1).
2
Let y(f) = -2*f - 17. Let q(i) = -11*i + 100. Let n(b) = 232*b - 2104. Let m(r) = 3*n(r) + 64*q(r). Let z be m(12). What is y(z)?
-1
Let i(m) = 8*m + 3. Suppose 32*d + 5*w - 5 = 27*d, -3*w = d + 5. Suppose -5*v - d*o - 36 = 0, -5*v - 2*o = o + 32. Give i(v).
-29
Let j(r) = -r**3 + 6*r**2 + 3. Suppose -10 - 86 = -32*o. Suppose 41*i + o = 249. Give j(i).
3
Let g(b) = -b**3 - 18*b**2 - 29*b + 22. Suppose -929*w - 2384 = -780*w. Calculate g(w).
-26
Let n(u) = u**3 - 6*u**2 + 5*u - 5. Let h be (-9)/(-2) + (-1)/2. Suppose 0*m - 5*r = m - 18, 0 = -5*m + h*r + 32. Let o be (m/2 - -1)*1. What is n(o)?
-5
Let k be (-8)/6*6/(-4). Let g(y) = 33*y**2 - 1 - y - 16*y**2 + 3 - 15*y**k. Let r(p) = -2*p + 20. Let x be r(9). What is g(x)?
8
Let s = 179 - 96. Let f(p) = 9 + s*p - 82*p - 2. Calculate f(-10).
-3
Let z(j) = j**2 - 5. Let l be (-1*6)/(57 - 55). Let b be l/((-9)/12) + -4. Calculate z(b).
-5
Let s = 62 + -95. Let a be 0 + 19 - s/(-11). Suppose -8*l + 6*l - a = 0. Let d(g) = g**2 + 8*g + 2. Give d(l).
2
Let i(a) = a**3 - 13*a**2 + 6*a - 10. Let w(u) = 3*u**3 - 39*u**2 + 17*u - 29. Let m(d) = -17*i(d) + 6*w(d). Suppose -442 = 14*y - 48*y. Give m(y).
-4
Let s(m) = 17 + 6*m - 10*m - 2*m. Let b(v) = 2*v - 5. Let d(u) = 7*b(u) + 2*s(u). Calculate d(5).
9
Suppose -108*p + 5*p - 36*p = 278. Let t(d) = d**3 + d**2 - 3. Give t(p).
-7
Let b(i) = 2*i + 5. Let g = 15452 - 15466. Give b(g).
-23
Let s(f) = -5*f + 2 - 10 + 6*f. Let t(o) = o**2 + 7*o + 25. Let u be t(0). Suppose 16*i + 54 = u*i. Calculate s(i).
-2
